{"id":768,"date":"2019-09-09T14:19:00","date_gmt":"2019-09-09T14:19:00","guid":{"rendered":"http:\/\/dijon.apbg.org\/?page_id=768"},"modified":"2026-02-10T10:15:35","modified_gmt":"2026-02-10T09:15:35","slug":"sortie-agriculture-biologique-22-06-2019","status":"publish","type":"page","link":"https:\/\/dijon.apbg.fr\/index.php\/sorties-de-la-regionale-2\/sorties-de-la-regionale\/sorties-2019\/sortie-agriculture-biologique-22-06-2019\/","title":{"rendered":"Sortie Agriculture biologique 22\/06\/2019"},"content":{"rendered":"\n<h3 class=\"wp-block-heading\"><strong>Une plong\u00e9e au c\u0153ur de l\u2019agriculture biologique chez Mr RONOT, c\u00e9r\u00e9alier en Bio depuis 30 ans<\/strong><\/h3>\n\n\n\n<p class=\"has-text-align-center\"><strong>Samedi 22 Juin 2019<\/strong><\/p>\n\n\n\n<p class=\"has-text-align-center\"><strong>Organisation : Christine WANAT et Jean-Marie LACHAMBRE<\/strong><\/p>\n\n\n\n<p class=\"has-text-align-center\"><strong>Lieu: Chazeuil pr\u00e8s d\u2019Is-Sur-Tille<\/strong><\/p>\n\n\n\n<p>Cette sortie a \u00e9t\u00e9 anim\u00e9e par Alain Ronot, agrobiologiste et par Bruno Chauvel, malherbologiste (sp\u00e9cialiste <span class=\"text_exposed_show\">des adventices), chercheur \u00e0 l\u2019INRA, UMR agro\u00e9cologie Dijon.<\/span><\/p>\n\n\n\n<p>Au programme de cette journ\u00e9e :<\/p>\n\n\n\n<p>1) Visite de parcelles : cultures associ\u00e9es, importance des rotations, comparaison de sol cultiv\u00e9 en bio et en conventionnel (aspects structurels, adventices)<\/p>\n\n\n\n<p>2) Visite du moulin (tri des graines, meunerie)<\/p>\n\n\n\n<p>3) Perspective d&rsquo;un projet participatif (plantation d&rsquo;une haie).<\/p>\n\n\n\n<p>Alain Ronot cultive du bl\u00e9 ancien, du bl\u00e9 moderne, de l&rsquo;engrain, de l&rsquo;\u00e9peautre, du seigle, du sarrazin. Et m\u00eame de l&rsquo;orge \u00e0 l&rsquo;essai pour un partenariat avec un fabricant de bi\u00e8res&#8230; Il fabrique sa farine sur une meule en granite.<\/p>\n\n\n\n<figure class=\"wp-block-image alignleft size-full is-resized\"><a href=\"https:\/\/dijon.apbg.fr\/wp-content\/uploads\/2026\/02\/65035852_671092306686565_2110252165648875520_n.jpg\"><img loading=\"lazy\" decoding=\"async\" width=\"960\" height=\"719\" src=\"https:\/\/dijon.apbg.fr\/wp-content\/uploads\/2026\/02\/65035852_671092306686565_2110252165648875520_n.jpg\" alt=\"\" class=\"wp-image-29\" style=\"aspect-ratio:1.335247637653608;width:197px;height:auto\" srcset=\"https:\/\/dijon.apbg.fr\/wp-content\/uploads\/2026\/02\/65035852_671092306686565_2110252165648875520_n.jpg 960w, https:\/\/dijon.apbg.fr\/wp-content\/uploads\/2026\/02\/65035852_671092306686565_2110252165648875520_n-300x225.jpg 300w, https:\/\/dijon.apbg.fr\/wp-content\/uploads\/2026\/02\/65035852_671092306686565_2110252165648875520_n-768x575.jpg 768w\" sizes=\"auto, (max-width: 960px) 100vw, 960px\" \/><\/a><\/figure>\n\n\n\n<figure class=\"wp-block-image alignleft size-full is-resized\"><a href=\"https:\/\/dijon.apbg.fr\/wp-content\/uploads\/2026\/02\/65310980_671094190019710_2249321003375132672_n.jpg\"><img loading=\"lazy\" decoding=\"async\" width=\"960\" height=\"719\" src=\"https:\/\/dijon.apbg.fr\/wp-content\/uploads\/2026\/02\/65310980_671094190019710_2249321003375132672_n.jpg\" alt=\"\" class=\"wp-image-30\" style=\"aspect-ratio:1.3353115424699746;width:203px;height:auto\" srcset=\"https:\/\/dijon.apbg.fr\/wp-content\/uploads\/2026\/02\/65310980_671094190019710_2249321003375132672_n.jpg 960w, https:\/\/dijon.apbg.fr\/wp-content\/uploads\/2026\/02\/65310980_671094190019710_2249321003375132672_n-300x225.jpg 300w, https:\/\/dijon.apbg.fr\/wp-content\/uploads\/2026\/02\/65310980_671094190019710_2249321003375132672_n-768x575.jpg 768w\" sizes=\"auto, (max-width: 960px) 100vw, 960px\" \/><\/a><\/figure>\n\n\n\n<figure class=\"wp-block-image alignleft size-full is-resized\"><a href=\"https:\/\/dijon.apbg.fr\/wp-content\/uploads\/2026\/02\/64737593_671090760020053_8418120120450154496_n.jpg\"><img loading=\"lazy\" decoding=\"async\" width=\"708\" height=\"944\" src=\"https:\/\/dijon.apbg.fr\/wp-content\/uploads\/2026\/02\/64737593_671090760020053_8418120120450154496_n.jpg\" alt=\"\" class=\"wp-image-28\" style=\"width:168px;height:auto\" srcset=\"https:\/\/dijon.apbg.fr\/wp-content\/uploads\/2026\/02\/64737593_671090760020053_8418120120450154496_n.jpg 708w, https:\/\/dijon.apbg.fr\/wp-content\/uploads\/2026\/02\/64737593_671090760020053_8418120120450154496_n-225x300.jpg 225w\" sizes=\"auto, (max-width: 708px) 100vw, 708px\" \/><\/a><\/figure>\n\n\n\n<p><\/p>\n","protected":false},"excerpt":{"rendered":"<p>Une plong\u00e9e au c\u0153ur de l\u2019agriculture biologique chez Mr RONOT, c\u00e9r\u00e9alier en Bio depuis 30 ans Samedi 22 Juin 2019<\/p>\n","protected":false},"author":1,"featured_media":0,"parent":788,"menu_order":0,"comment_status":"closed","ping_status":"closed","template":"","meta":{"colormag_page_container_layout":"default_layout","colormag_page_sidebar_layout":"default_layout","footnotes":""},"class_list":["post-768","page","type-page","status-publish","hentry"],"_links":{"self":[{"href":"https:\/\/dijon.apbg.fr\/index.php\/wp-json\/wp\/v2\/pages\/768","targetHints":{"allow":["GET"]}}],"collection":[{"href":"https:\/\/dijon.apbg.fr\/index.php\/wp-json\/wp\/v2\/pages"}],"about":[{"href":"https:\/\/dijon.apbg.fr\/index.php\/wp-json\/wp\/v2\/types\/page"}],"author":[{"embeddable":true,"href":"https:\/\/dijon.apbg.fr\/index.php\/wp-json\/wp\/v2\/users\/1"}],"replies":[{"embeddable":true,"href":"https:\/\/dijon.apbg.fr\/index.php\/wp-json\/wp\/v2\/comments?post=768"}],"version-history":[{"count":1,"href":"https:\/\/dijon.apbg.fr\/index.php\/wp-json\/wp\/v2\/pages\/768\/revisions"}],"predecessor-version":[{"id":1046,"href":"https:\/\/dijon.apbg.fr\/index.php\/wp-json\/wp\/v2\/pages\/768\/revisions\/1046"}],"up":[{"embeddable":true,"href":"https:\/\/dijon.apbg.fr\/index.php\/wp-json\/wp\/v2\/pages\/788"}],"wp:attachment":[{"href":"https:\/\/dijon.apbg.fr\/index.php\/wp-json\/wp\/v2\/media?parent=768"}],"curies":[{"name":"wp","href":"https:\/\/api.w.org\/{rel}","templated":true}]}}