{"id":759,"date":"2019-09-09T14:11:18","date_gmt":"2019-09-09T14:11:18","guid":{"rendered":"http:\/\/dijon.apbg.org\/?page_id=759"},"modified":"2026-02-10T10:14:36","modified_gmt":"2026-02-10T09:14:36","slug":"sortie-eco-centre-de-permaculture-escape-game-mhn-autun","status":"publish","type":"page","link":"https:\/\/dijon.apbg.fr\/index.php\/sorties-de-la-regionale-2\/sorties-de-la-regionale\/sorties-2019\/sortie-eco-centre-de-permaculture-escape-game-mhn-autun\/","title":{"rendered":"Sortie Eco-centre de permaculture \/ Escape game MHN Autun 18\/05\/2019"},"content":{"rendered":"\n<h3 class=\"wp-block-heading\"><strong>Visite de l\u2019Eco-centre de permaculture en Bourgogne \u00e0 Curgy \u00e0 10 km d&rsquo;Autun (1),<\/strong><\/h3>\n\n\n\n<h3 class=\"wp-block-heading\"><strong>Utilisation des nouvelles technologies dans le cadre de la d\u00e9couverte interactive des ressources g\u00e9ologiques de l\u2019Autunois (2).<\/strong><\/h3>\n\n\n\n<p class=\"has-text-align-center\"><strong>Le samedi 18 Mai 2019<\/strong><\/p>\n\n\n\n<p class=\"has-text-align-center\"><strong>Organisation : C\u00e9line TISSERAND (1) \/ Christophe MIGUET (2)<\/strong><\/p>\n\n\n\n<p>&nbsp;<\/p>\n\n\n\n<p>Ce Samedi 18 mai, une belle journ\u00e9e conviviale et ensoleill\u00e9e pour la r\u00e9gionale de Dijon avec au programme :<\/p>\n\n\n\n<ul class=\"wp-block-list\">\n<li>le matin, visite de l&rsquo;<strong>\u00e9co-centre p\u00e9dagogique en agro\u00e9cologie et permaculture<\/strong> d&rsquo;Alosnys suivie d&rsquo; une d\u00e9gustation (<a href=\"https:\/\/l.facebook.com\/l.php?u=https%3A%2F%2Fwww.alosnys.com%2F%3Ffbclid%3DIwAR1EujDWneduqr-qicZ6xr8wivFjxuIwa3WN8tlcYuIssiJMnxt_VWBSnDY&amp;h=AT3UcV_uASCoq40BF_Rq81n2gfMOAGrbwAl2kWCMeocCscrDdrq3nd2rsi0jJMGUKBDNNJUWi_ZSD_xgEqEKO2iWa5ZzhRQXyd-5BC-0QmNn5dwDnFuvYKNW0KE7RU1VT7-pb_RriPJ7adDLOtq4NQ9Gx_v7EHAO16VApfQ2Mw6OLdQhcVhR3ifr9n2V5eSFTVp5ZlIg-rHkQRAgzCS_ioQ83Q_sc8wfkmbQ-P6nSsKKLQpMkqdgrT9ngX5_ukmGAdelr5Vz4DpkiIXrzvdt76wvHyEIgVwGI9zm7bdFyGq8gZ7wRDu70cWRDj0XBDuDM-QK6E6YD35XyUaIe9f2XMdQUIcm8OwolDVx0OV_hfuKbb2enMQEZsL3_n3_aoflSNpuumre2y2zzpAkv6sxCkKiWczYJxDgppANSoTa6YtQOG0NKrNhJtwy1Rf5rh2FevSbSv06y99gufc3x1MNgJP5INtwCKhHbk8uMySMPWV1GqzGphPcRhEMlSxW80rqdi8LuqlhZS7z9Xkb41yxf98y4QrtGbn4CPE8LigzkZg-n9Y4B8bEOpArd038yyDLehuhXlD5_2p5igVelSlISf6Bv2kUYUZqqLBhX5oDqeZlSqiiR2U8ebzKGFsvbXly9g6v7BkLvzoyxw\" target=\"_blank\" rel=\"noopener nofollow\">https:\/\/www.alosnys.com\/<\/a>),<\/li>\n\n\n\n<li>puis d\u00e9couverte de 2 <strong>Escape game sur le th\u00e8me : une \u00e9nergie non conventionnelle, le gaz de schiste et biodiversit\u00e9 du pass\u00e9 et du pr\u00e9sent<\/strong> au mus\u00e9e d&rsquo;Histoire Naturelle d&rsquo;Autun \u2013 et retour sur exp\u00e9rience.<\/li>\n<\/ul>\n\n\n\n<p>Merci aux organisateurs, ainsi qu&rsquo;\u00e0 Fran\u00e7oise Beaudoin et Dominique Chabard !<\/p>\n\n\n\n<figure class=\"wp-block-image aligncenter size-large is-resized\"><a href=\"https:\/\/dijon.apbg.fr\/wp-content\/uploads\/2026\/02\/20190518_103544-scaled.jpg\"><img loading=\"lazy\" decoding=\"async\" width=\"1024\" height=\"768\" src=\"https:\/\/dijon.apbg.fr\/wp-content\/uploads\/2026\/02\/20190518_103544-1024x768.jpg\" alt=\"\" class=\"wp-image-22\" style=\"width:244px;height:auto\" srcset=\"https:\/\/dijon.apbg.fr\/wp-content\/uploads\/2026\/02\/20190518_103544-1024x768.jpg 1024w, https:\/\/dijon.apbg.fr\/wp-content\/uploads\/2026\/02\/20190518_103544-300x225.jpg 300w, https:\/\/dijon.apbg.fr\/wp-content\/uploads\/2026\/02\/20190518_103544-768x576.jpg 768w, https:\/\/dijon.apbg.fr\/wp-content\/uploads\/2026\/02\/20190518_103544-1536x1152.jpg 1536w, https:\/\/dijon.apbg.fr\/wp-content\/uploads\/2026\/02\/20190518_103544-2048x1536.jpg 2048w\" sizes=\"auto, (max-width: 1024px) 100vw, 1024px\" \/><\/a><\/figure>\n\n\n\n<figure class=\"wp-block-image alignright size-large is-resized\"><a href=\"https:\/\/dijon.apbg.fr\/wp-content\/uploads\/2026\/02\/20190518_110759-scaled.jpg\"><img loading=\"lazy\" decoding=\"async\" width=\"1024\" height=\"768\" src=\"https:\/\/dijon.apbg.fr\/wp-content\/uploads\/2026\/02\/20190518_110759-1024x768.jpg\" alt=\"\" class=\"wp-image-24\" style=\"width:232px;height:auto\" srcset=\"https:\/\/dijon.apbg.fr\/wp-content\/uploads\/2026\/02\/20190518_110759-1024x768.jpg 1024w, https:\/\/dijon.apbg.fr\/wp-content\/uploads\/2026\/02\/20190518_110759-300x225.jpg 300w, https:\/\/dijon.apbg.fr\/wp-content\/uploads\/2026\/02\/20190518_110759-768x576.jpg 768w, https:\/\/dijon.apbg.fr\/wp-content\/uploads\/2026\/02\/20190518_110759-1536x1152.jpg 1536w, https:\/\/dijon.apbg.fr\/wp-content\/uploads\/2026\/02\/20190518_110759-2048x1536.jpg 2048w\" sizes=\"auto, (max-width: 1024px) 100vw, 1024px\" \/><\/a><\/figure>\n\n\n\n<figure class=\"wp-block-image alignleft size-large is-resized\"><a href=\"https:\/\/dijon.apbg.fr\/wp-content\/uploads\/2026\/02\/20190518_104537-scaled.jpg\"><img loading=\"lazy\" decoding=\"async\" width=\"1024\" height=\"768\" src=\"https:\/\/dijon.apbg.fr\/wp-content\/uploads\/2026\/02\/20190518_104537-1024x768.jpg\" alt=\"\" class=\"wp-image-23\" style=\"width:207px;height:auto\" srcset=\"https:\/\/dijon.apbg.fr\/wp-content\/uploads\/2026\/02\/20190518_104537-1024x768.jpg 1024w, https:\/\/dijon.apbg.fr\/wp-content\/uploads\/2026\/02\/20190518_104537-300x225.jpg 300w, https:\/\/dijon.apbg.fr\/wp-content\/uploads\/2026\/02\/20190518_104537-768x576.jpg 768w, https:\/\/dijon.apbg.fr\/wp-content\/uploads\/2026\/02\/20190518_104537-1536x1152.jpg 1536w, https:\/\/dijon.apbg.fr\/wp-content\/uploads\/2026\/02\/20190518_104537-2048x1536.jpg 2048w\" sizes=\"auto, (max-width: 1024px) 100vw, 1024px\" \/><\/a><\/figure>\n\n\n\n<p><\/p>\n","protected":false},"excerpt":{"rendered":"<p>Visite de l\u2019Eco-centre de permaculture en Bourgogne \u00e0 Curgy \u00e0 10 km d&rsquo;Autun (1), Utilisation des nouvelles technologies dans le<\/p>\n","protected":false},"author":1,"featured_media":0,"parent":788,"menu_order":0,"comment_status":"closed","ping_status":"closed","template":"","meta":{"colormag_page_container_layout":"default_layout","colormag_page_sidebar_layout":"default_layout","footnotes":""},"class_list":["post-759","page","type-page","status-publish","hentry"],"_links":{"self":[{"href":"https:\/\/dijon.apbg.fr\/index.php\/wp-json\/wp\/v2\/pages\/759","targetHints":{"allow":["GET"]}}],"collection":[{"href":"https:\/\/dijon.apbg.fr\/index.php\/wp-json\/wp\/v2\/pages"}],"about":[{"href":"https:\/\/dijon.apbg.fr\/index.php\/wp-json\/wp\/v2\/types\/page"}],"author":[{"embeddable":true,"href":"https:\/\/dijon.apbg.fr\/index.php\/wp-json\/wp\/v2\/users\/1"}],"replies":[{"embeddable":true,"href":"https:\/\/dijon.apbg.fr\/index.php\/wp-json\/wp\/v2\/comments?post=759"}],"version-history":[{"count":1,"href":"https:\/\/dijon.apbg.fr\/index.php\/wp-json\/wp\/v2\/pages\/759\/revisions"}],"predecessor-version":[{"id":1045,"href":"https:\/\/dijon.apbg.fr\/index.php\/wp-json\/wp\/v2\/pages\/759\/revisions\/1045"}],"up":[{"embeddable":true,"href":"https:\/\/dijon.apbg.fr\/index.php\/wp-json\/wp\/v2\/pages\/788"}],"wp:attachment":[{"href":"https:\/\/dijon.apbg.fr\/index.php\/wp-json\/wp\/v2\/media?parent=759"}],"curies":[{"name":"wp","href":"https:\/\/api.w.org\/{rel}","templated":true}]}}