{"id":430,"date":"2014-10-20T20:08:00","date_gmt":"2014-10-20T20:08:00","guid":{"rendered":"http:\/\/dijon.apbg.org\/?page_id=430"},"modified":"2026-02-10T10:24:21","modified_gmt":"2026-02-10T09:24:21","slug":"geologie","status":"publish","type":"page","link":"https:\/\/dijon.apbg.fr\/index.php\/ressources\/photos\/geologie\/","title":{"rendered":"G\u00e9ologie"},"content":{"rendered":"\n<p class=\"has-text-align-center\"><span style=\"text-decoration: underline\"><strong>Chemin\u00e9es de f\u00e9es (ou Demoiselles Coiff\u00e9es)<\/strong><\/span> Sauze du Lac (05)<\/p>\n\n\n\n<p class=\"has-text-align-center\"><span style=\"color: #339966\"><em>Photos de M. Sroda, professeur au lyc\u00e9e Saint Joseph Dijon<\/em><\/span><\/p>\n\n\n\n<p class=\"has-text-align-center\"><span style=\"text-decoration: underline\"><em>Libre de droit, pour un usage p\u00e9dagogique uniquement.<\/em><\/span><\/p>\n\n\n\n<figure class=\"wp-block-gallery has-nested-images columns-default is-cropped wp-block-gallery-1 is-layout-flex wp-block-gallery-is-layout-flex\">\n<figure class=\"wp-block-image size-large\"><img loading=\"lazy\" decoding=\"async\" width=\"768\" height=\"1024\" data-id=\"120\" src=\"https:\/\/dijon.apbg.fr\/wp-content\/uploads\/2026\/02\/SDC11742-768x1024.jpg\" alt=\"\" class=\"wp-image-120\" srcset=\"https:\/\/dijon.apbg.fr\/wp-content\/uploads\/2026\/02\/SDC11742-768x1024.jpg 768w, https:\/\/dijon.apbg.fr\/wp-content\/uploads\/2026\/02\/SDC11742-225x300.jpg 225w, https:\/\/dijon.apbg.fr\/wp-content\/uploads\/2026\/02\/SDC11742-1152x1536.jpg 1152w, https:\/\/dijon.apbg.fr\/wp-content\/uploads\/2026\/02\/SDC11742-1536x2048.jpg 1536w, https:\/\/dijon.apbg.fr\/wp-content\/uploads\/2026\/02\/SDC11742-scaled.jpg 1920w\" sizes=\"auto, (max-width: 768px) 100vw, 768px\" \/><\/figure>\n\n\n\n<figure class=\"wp-block-image size-large\"><img loading=\"lazy\" decoding=\"async\" width=\"768\" height=\"1024\" data-id=\"121\" src=\"https:\/\/dijon.apbg.fr\/wp-content\/uploads\/2026\/02\/SDC11759-768x1024.jpg\" alt=\"\" class=\"wp-image-121\" srcset=\"https:\/\/dijon.apbg.fr\/wp-content\/uploads\/2026\/02\/SDC11759-768x1024.jpg 768w, https:\/\/dijon.apbg.fr\/wp-content\/uploads\/2026\/02\/SDC11759-225x300.jpg 225w, https:\/\/dijon.apbg.fr\/wp-content\/uploads\/2026\/02\/SDC11759-1152x1536.jpg 1152w, https:\/\/dijon.apbg.fr\/wp-content\/uploads\/2026\/02\/SDC11759-1536x2048.jpg 1536w, https:\/\/dijon.apbg.fr\/wp-content\/uploads\/2026\/02\/SDC11759-scaled.jpg 1920w\" sizes=\"auto, (max-width: 768px) 100vw, 768px\" \/><\/figure>\n<\/figure>\n","protected":false},"excerpt":{"rendered":"<p>Chemin\u00e9es de f\u00e9es (ou Demoiselles Coiff\u00e9es) Sauze du Lac (05) Photos de M. Sroda, professeur au lyc\u00e9e Saint Joseph Dijon<\/p>\n","protected":false},"author":1,"featured_media":0,"parent":344,"menu_order":0,"comment_status":"closed","ping_status":"open","template":"","meta":{"colormag_page_container_layout":"default_layout","colormag_page_sidebar_layout":"default_layout","footnotes":""},"class_list":["post-430","page","type-page","status-publish","hentry"],"_links":{"self":[{"href":"https:\/\/dijon.apbg.fr\/index.php\/wp-json\/wp\/v2\/pages\/430","targetHints":{"allow":["GET"]}}],"collection":[{"href":"https:\/\/dijon.apbg.fr\/index.php\/wp-json\/wp\/v2\/pages"}],"about":[{"href":"https:\/\/dijon.apbg.fr\/index.php\/wp-json\/wp\/v2\/types\/page"}],"author":[{"embeddable":true,"href":"https:\/\/dijon.apbg.fr\/index.php\/wp-json\/wp\/v2\/users\/1"}],"replies":[{"embeddable":true,"href":"https:\/\/dijon.apbg.fr\/index.php\/wp-json\/wp\/v2\/comments?post=430"}],"version-history":[{"count":1,"href":"https:\/\/dijon.apbg.fr\/index.php\/wp-json\/wp\/v2\/pages\/430\/revisions"}],"predecessor-version":[{"id":1059,"href":"https:\/\/dijon.apbg.fr\/index.php\/wp-json\/wp\/v2\/pages\/430\/revisions\/1059"}],"up":[{"embeddable":true,"href":"https:\/\/dijon.apbg.fr\/index.php\/wp-json\/wp\/v2\/pages\/344"}],"wp:attachment":[{"href":"https:\/\/dijon.apbg.fr\/index.php\/wp-json\/wp\/v2\/media?parent=430"}],"curies":[{"name":"wp","href":"https:\/\/api.w.org\/{rel}","templated":true}]}}